factors of x?
3, 7
What are the prime factors of (10 + -13)*(-116)/3?
2, 29
Let u(i) = 15*i + 2. Let y be u(-2). List the prime factors of 3/(-6)*y + 1.
3, 5
Suppose -2*y + 22 = -y. Suppose -5*w + 2*p + y = -w, -p = w - 10. What are the prime factors of w?
7
Suppose 8 = 5*x - 197. List the prime factors of x.
41
Suppose -149 = -6*v + 127. Let h = 1 + v. What are the prime factors of h?
47
Suppose 0 = -3*b, 4*a + 1 + 7 = b. Let d be (-1)/a + (-2)/4. Suppose z + d*z - 7 = 0. What are the prime factors of z?
7
Let a = -5 - -14. What are the prime factors of a?
3
Suppose 3*f + 0*f - 27 = 0. Suppose -5*z + f + 1 = x, 0 = -4*x - 3*z + 91. Let o = x + -15. What are the prime factors of o?
2, 5
Suppose 0 = -5*j + f + 672, -2*f + 6*f + 663 = 5*j. List the prime factors of j.
3, 5
What are the prime factors of 50 + 51/34*4/(-3)?
2, 3
Let h be (-10)/20 - (-198)/4. Suppose 3*x + t - h = 0, 5*x + 4*t = -1 + 71. What are the prime factors of x?
2, 3
What are the prime factors of 48/32*((-584)/(-3))/2?
2, 73
Let g(v) = -v. Let h be g(-3). Let k = h + -1. Suppose k*w + r + 11 = 3*w, -25 = -3*w + r. List the prime factors of w.
7
Let y = 74 + -41. What are the prime factors of y?
3, 11
Suppose 19*u + 133 = 20*u. List the prime factors of u.
7, 19
Suppose 3*f = 1 + 11. Let j = 1 + f. Suppose 0 = -j*n - 14 + 59. List the prime factors of n.
3
List the prime factors of ((-3)/2)/(18/(-456)).
2, 19
Suppose -3*l = -a - 2*a + 51, -3*a + 36 = 2*l. List the prime factors of a.
2, 7
Let d = -2 - -5. Suppose 0 = -d*g + 2*g - t + 9, g - 3*t = -3. List the prime factors of g.
2, 3
Let d(i) = 2*i - 7. Suppose 4*q + 14 = -v, -5*q = -2*v + 3*v + 19. Let x be d(v). Suppose -k - 28 = -x*k. What are the prime factors of k?
7
Let r be (-4)/(6/3) - -2. Suppose t + 2*s + r*s - 5 = 0, 4*t - 4*s = 80. List the prime factors of t.
3, 5
What are the prime factors of 176/(-33)*(-102)/8?
2, 17
Suppose -4 = -5*n + 4*n. Let v be (2*-1)/(n/90). What are the prime factors of (v/12)/((-6)/16)?
2, 5
Suppose -4*n - 208 = -4*r, 3*r - r + n = 119. Let p = r - 40. Let f = p + -10. List the prime factors of f.
7
Let v(z) = 2*z - 2. Let q be v(5). What are the prime factors of ((-2)/(-4))/(q/368)?
23
Let m(i) = -i + 12. List the prime factors of m(0).
2, 3
List the prime factors of 239 - (-1 - (-9)/(-3)).
3
Let q be ((-2)/(-6))/((-1)/(-27)). Suppose 1 - 2 = m, -y + 5*m = -q. What are the prime factors of y?
2
Let i = 1 - 3. Let k be (-2)/i + 8/4. List the prime factors of k/12 + 93/12.
2
What are the prime factors of 5/(-25) + 933/15?
2, 31
Let v be (-2 - -3)*10 - 1. List the prime factors of (-6)/(-4)*48/v.
2
Let c(o) = -6*o + 37. List the prime factors of c(-23).
5, 7
Let i(w) = w - 2. Let s be i(7). Suppose 3*r + s = 47. What are the prime factors of r?
2, 7
Suppose l + 4*y = 18 + 24, 86 = 3*l + 4*y. What are the prime factors of l?
2, 11
Let u be 325/35 + 4/(-14). Suppose 2*m = -1 - u. What are the prime factors of (0 - 2/m)*25?
2, 5
Suppose -4*w - 104 = -2*s, 2*w + 161 = 3*s - 3*w. List the prime factors of s.
2, 31
Let r = 2 - -8. What are the prime factors of r?
2, 5
Suppose 0*o - 18 = -3*o. Let v be 204/(-3) + o/3. List the prime factors of 6/4*v/(-9).
11
Let p = -498 - -697. What are the prime factors of p?
199
Let m(x) = x - 4. Let n(d) = -d**2 + 8*d + 1. Let c be n(7). What are the prime factors of m(c)?
2
Let y be -3*5/(5/4). Suppose -44 = -4*t + 40. Let j = t + y. What are the prime factors of j?
3
Let n(j) = 83*j + 3. List the prime factors of n(5).
2, 11, 19
Let u(n) = 108*n**2 + n. List the prime factors of u(-1).
107
Suppose 0 = 4*h - h + n + 2, -h + 2*n + 11 = 0. List the prime factors of (4 - 1/h) + 9.
2, 3
Let z(j) = -j + 19. Let r be z(0). Suppose -3*u = 2*f - 6, -r = -4*u + 2*f - f. What are the prime factors of u?
2
Suppose -5*g + 3464 = -t - 27, -g = -4*t - 702. What are the prime factors of 18/81 - g/(-18)?
3, 13
Let l(a) = a + 37. What are the prime factors of l(0)?
37
Let b be 31 + -2 + 0 + 0. Suppose -7 = -3*n + b. What are the prime factors of n?
2, 3
List the prime factors of 7/2*688/28.
2, 43
Suppose 86 = 3*m - 43. List the prime factors of m.
43
Let h be (-30)/25*(-10)/3. Let x = h - 0. Let t(y) = 2*y + 1. What are the prime factors of t(x)?
3
What are the prime factors of 12 + 1/(-3)*-3?
13
What are the prime factors of (-1)/(-2) + 39/6?
7
Suppose 3*r - 7*p - 605 = -3*p, 4*r - 2*p - 820 = 0. List the prime factors of r.
3, 23
Let f = 7 + -7. Suppose -5*k + 2*k + 9 = f. What are the prime factors of k?
3
Let d(v) = -5*v**3 - 3*v**3 + 4*v**2 + 9*v**3 - 7*v + 2. List the prime factors of d(-5).
2, 3
Suppose -3706 - 122 = -12*m. What are the prime factors of m?
11, 29
Let j(q) = q - 4 + q**2 + q - 7*q - 2*q. Let n be j(7). What are the prime factors of ((-7)/n)/((-2)/(-8))?
7
Let n = -5 + 6. Suppose n = o - 2. Suppose -3*w + 0*w + o*s = -45, 3*s - 57 = -3*w. What are the prime factors of w?
17
Let z = 22 - 14. Let j = 7 - z. What are the prime factors of (10 - 0)*(j + 2)?
2, 5
What are the prime factors of 6*10*(-1)/(-2)?
2, 3, 5
Suppose -4*u = -0*u - 20. Suppose 4*a - 2*t = 66, -a + u*a - 63 = t. Suppose 0 = -3*s - f + 2*f + 16, 0 = -3*f + a. What are the prime factors of s?
7
Let a(x) = x**3 + x**2 - x**3 + 4 + x + 3*x**3 - 2*x**3. What are the prime factors of a(0)?
2
Let l = -147 + 227. What are the prime factors of l?
2, 5
Let m = -5 - -11. What are the prime factors of 2 - (m*-1 - 3)?
11
Let x(q) = 5 - 5*q - 2 - 2*q**2 + 3*q**2. Let h = 21 + -15. What are the prime factors of x(h)?
3
Suppose -2*r + 10 = 0, 3*o + 5*r - 733 = 3*r. List the prime factors of o.
241
Suppose 5*l - l + 2*z = 6, 4*z = -5*l. Suppose 12 = l*b, 7 + 80 = 3*v - b. List the prime factors of v.
2, 3, 5
Let q be 1*(-2 - 4 - -3). List the prime factors of (52/(-12))/(1/q).
13
Let i(d) = 2*d**2 + 21*d + 41. List the prime factors of i(-15).
2, 11
Suppose 5*l = 2*i + 9, 0 = 5*i - 3*i - 4*l + 10. Let v = 4 + i. Let s = 4 - v. What are the prime factors of s?
7
Let i(p) = 37*p**3 + 2*p**2 - 1. What are the prime factors of i(1)?
2, 19
Suppose 10 = 5*f - 0, -3*w + 35 = -5*f. List the prime factors of w.
3, 5
List the prime factors of 1 + 2/(-8) - 2163/(-12).
181
Suppose -3*c - 5*x + 34 = 0, -5*c + 38 - 8 = 3*x. Suppose c*a - 4*u - 22 = -4, -a - u = 1. Suppose 0 + 8 = a*p. What are the prime factors of p?
2
Suppose 0 = -4*s + 239 + 49. What are the prime factors of s?
2, 3
Suppose -y + 10 = -2*y. Let w be 100/(-8)*16/y. Suppose 6*o - w = 2*o - 3*n, -2 = o - n. List the prime factors of o.
2
Suppose 0 = 4*k - 5 - 11. Suppose -k*h + 16 = -168. List the prime factors of h.
2, 23
Let u = 65 + -22. Let l = -31 + u. What are the prime factors of l?
2, 3
Let j(p) = 4*p - 5. Let n be j(5). Suppose -2*q + n = t, -3*t = 5*q - 14 - 32. List the prime factors of t.
17
Let x(d) = -67*d**3 - d. List the prime factors of x(-1).
2, 17
Suppose -2*y - 50 = 5*x, -y = 4*y - 3*x + 94. List the prime factors of (56/y)/(2/(-10)).
2, 7
Suppose -4*n + 8 = -0. Let j(u) = 5*u - 1. Let z be j(n). Suppose -o + 4*v + z = 3*v, -5 = -o - 3*v. List the prime factors of o.
2
Let z(o) = -4 - 3*o + 0*o**2 - 1 + 8*o**2 + 2. What are the prime factors of z(3)?
2, 3, 5
Let k = 10 + -8. Suppose -6*v + k*v = -24. List the prime factors of v.
2, 3
Suppose 7*i = 2*i + 60. Let t be (-16)/6*9/(-6). Let j = i - t. What are the prime factors of j?
2
Let p(a) = -2*a**2 + a - 2*a**3 + 0*a**2 + 0*a**3. Let z be p(1). Let b(k) = k**3 + 4*k**2 + 2*k + 4. What are the prime factors of b(z)?
7
List the prime factors of (-358)/(-6) + 9/27.
2, 3, 5
Let z = 32 + -22. Let m(i) = i**3 - 10*i**2 - i + 12. Let n be m(z). List the prime factors of (-4)/(-4) + n*1.
3
Suppose a - 3*b = 30, a - 4*a + 69 = -2*b. Let q(z) = -z - 3. Let w be q(-6). Suppose -w*r + 6 = -a. List the prime factors of r.
3
Let p = -19 + 85. Let t be (-1)/(-2)*-1*-6. Suppose -4*k = -4*s + 60, -5*s - k = t*k - p. What are the prime factors of s?
2, 7
Suppose 3 + 3 = 5*u - s, -u + 6 = s. Suppose 0 = 5*f - u*f - 81. What are the prime factors of f?
3
Suppose 55 - 380 = -5*i. What are the prime factors of i?
5, 13
List the prime factors of 0 + 211 + 2/(-2).
2, 3, 5, 7
Suppose 0 = -0*s - s + 2*y + 39, -2*s = -2*y - 72. Let u = 57 - s. List the prime factors of u.
2, 3
Suppose 5*n = 4*r - 451, 